s divided by 241.
1
What is the remainder when 69467 is divided by 13393?
2502
Calculate the remainder when 11169198 is divided by 60.
18
Calculate the remainder when 538380 is divided by 2958.
24
What is the remainder when 426227 is divided by 142065?
32
Calculate the remainder when 11954408 is divided by 213.
209
What is the remainder when 11496834 is divided by 395?
359
Calculate the remainder when 5783587 is divided by 395.
392
What is the remainder when 22831645 is divided by 392?
389
Calculate the remainder when 989253 is divided by 1164.
1017
Calculate the remainder when 82031 is divided by 8134.
691
What is the remainder when 2423314 is divided by 283?
268
What is the remainder when 5802565 is divided by 17478?
17347
What is the remainder when 21338851 is divided by 10669407?
37
Calculate the remainder when 882927 is divided by 8.
7
What is the remainder when 64210757 is divided by 3650?
3607
What is the remainder when 10546514 is divided by 441?
440
Calculate the remainder when 16729 is divided by 434.
237
Calculate the remainder when 4460945 is divided by 682.
665
Calculate the remainder when 90413759 is divided by 2851.
2847
What is the remainder when 12085896 is divided by 11?
9
Calculate the remainder when 848976 is divided by 227.
223
What is the remainder when 69644713 is divided by 58?
53
Calculate the remainder when 1746246 is divided by 291029.
72
Calculate the remainder when 131356 is divided by 142.
6
Calculate the remainder when 2084138 is divided by 297733.
7
Calculate the remainder when 194659 is divided by 35.
24
What is the remainder when 324035 is divided by 4376?
211
What is the remainder when 25152 is divided by 776?
320
Calculate the remainder when 801651 is divided by 8713.
55
Calculate the remainder when 19021009 is divided by 11.
7
What is the remainder when 54217 is divided by 347?
85
Calculate the remainder when 89615849 is divided by 335.
334
Calculate the remainder when 9729148 is divided by 12041.
20
Calculate the remainder when 138634 is divided by 451.
177
What is the remainder when 1233948 is divided by 74?
72
What is the remainder when 982390 is divided by 3694?
3480
What is the remainder when 5304361 is divided by 482190?
271
What is the remainder when 302473 is divided by 355?
13
What is the remainder when 17245 is divided by 1753?
1468
What is the remainder when 43447 is divided by 8163?
2632
What is the remainder when 282343 is divided by 282178?
165
What is the remainder when 1563093 is divided by 1081?
1048
Calculate the remainder when 79901046 is divided by 1228.
1226
What is the remainder when 25423242 is divided by 995?
992
What is the remainder when 660517 is divided by 916?
81
Calculate the remainder when 8018133 is divided by 756.
753
What is the remainder when 217884 is divided by 4636?
4628
What is the remainder when 684084 is divided by 218?
0
Calculate the remainder when 14114876 is divided by 624.
620
What is the remainder when 2880453 is divided by 220?
213
Calculate the remainder when 221823 is divided by 3088.
2575
Calculate the remainder when 76184 is divided by 12681.
98
What is the remainder when 12166 is divided by 11590?
576
What is the remainder when 292613 is divided by 350?
13
What is the remainder when 13029986 is divided by 672?
578
Calculate the remainder when 1553039 is divided by 258831.
53
Calculate the remainder when 61875339 is divided by 24476.
11
Calculate the remainder when 503668 is divided by 2968.
2076
What is the remainder when 158750175 is divided by 419974?
3
Calculate the remainder when 130038 is divided by 131.
86
Calculate the remainder when 67645275 is divided by 38.
31
What is the remainder when 16132 is divided by 127?
3
What is the remainder when 2706137 is divided by 345?
302
What is the remainder when 109825 is divided by 49881?
10063
What is the remainder when 22979 is divided by 3352?
2867
Calculate the remainder when 13636802 is divided by 2523.
2510
Calculate the remainder when 1163898185 is divided by 33.
32
What is the remainder when 128828 is divided by 42895?
143
What is the remainder when 43602386 is divided by 390?
386
What is the remainder when 2106239 is divided by 2282?
2235
What is the remainder when 683384 is divided by 804?
788
Calculate the remainder when 6090958 is divided by 49.
13
What is the remainder when 443389 is divided by 221401?
587
What is the remainder when 81680 is divided by 3719?
3581
Calculate the remainder when 1589227 is divided by 18059.
35
Calculate the remainder when 522334 is divided by 9647.
1396
What is the remainder when 38521 is divided by 1257?
811
Calculate the remainder when 6596398 is divided by 1897.
529
Calculate the remainder when 115501019 is divided by 72.
59
Calculate the remainder when 43667838 is divided by 141.
138
Calculate the remainder when 3692338 is divided by 6.
4
What is the remainder when 1597358 is divided by 532425?
83
What is the remainder when 10846385 is divided by 2123?
2101
Calculate the remainder when 516373360 is divided by 14.
6
Calculate the remainder when 118053262 is divided by 84.
82
Calculate the remainder when 326216 is divided by 46531.
499
What is the remainder when 11224625 is divided by 464?
1
Calculate the remainder when 23775894 is divided by 719.
2
What is the remainder when 34892223 is divided by 7541?
16
Calculate the remainder when 28814489 is divided by 2750.
2739
Calculate the remainder when 6616 is divided by 2990.
636
What is the remainder when 188670 is divided by 62749?
423
What is the remainder when 27432474 is divided by 1016017?
15
Calculate the remainder when 3885392 is divided by 3026.
8
What is the remainder when 524977 is divided by 73531?
10260
What is the remainder when 11575527 is divided by 138?
87
What is the remainder when 184236 is divided by 9558?
2634
Calculate the remainder when 4490415 is divided by 898064.
95
Calculate the remainder when 1085439 is divided by 386.
7
Calculate the remainder when 28654851 is divided by 3.
0
Calculate the remainder when 71360 is divided by 391.
198
Calculate the remainder when 35656549 is divided by 7131307.
14
Calculate the remainder when 101621 is divided by 33703.
512
Calculate the remainder when 146566 is divided by 1509.
193
What is the remainder when 429019239 is divided by 95?
94
Calculate the remainder when 1770979 is divided by 88539.
199
What is the remainder when 106274569 is divided by 39?
37
Calculate the remainder when 37249713 is divided by 108.
81
Calculate the remainder when 80999903 is divided by 142.
121
Calculate the remainder when 25420820 is divided by 8.
4
What is the remainder when 88248077 is divided by 88?
5
Calculate the remainder when 67223 is divided by 3609.
2261
Calculate the remainder when 26678 is divided by 491.
164
What is the remainder when 19345298 is divided by 171197?
37
What is the remainder when 457861978 is divided by 43?
42
Calculate the remainder when 12988636 is divided by 47.
45
What is the remainder when 3183308 is divided by 22?
18
Calculate the remainder when 1148776 is divided by 623.
587
Calculate the remainder when 204559 is divided by 51077.
251
Calculate the remainder when 300778 is divided by 1671.
1669
Calculate the remainder when 17616932 is divided by 69.
59
What is the remainder when 5155015 is divided by 7882?
187
What is the remainder when 1569742 is divided by 9?
7
Calculate the remainder when 13336327 is divided by 4993.
24
Calculate the remainder when 4532108 is divided by 4532100.
8
What is the remainder when 1534198 is divided by 383360?
758
Calculate the remainder when 2583590 is divided by 136.
134
Calculate the remainder when 692420 is divided by 6352.
52
Calculate the remainder when 8744 is divided by 1444.
80
What is the remainder when 97019059 is divided by 32339686?
1
What is the remainder when 1194992 is divided by 45961?
6
What is the remainder when 354455 is divided by 13?
10
Calculate the remainder when 714244429 is divided by 1519.
1515
What is the remainder when 7233847 is divided by 1808459?
11
What is the remainder when 8880898 is divided by 3?
1
What is the remainder when 27101934 is divided by 36?
18
Calculate the remainder when 1093984 is divided by 364649.
37
Calculate the remainder when 15275 is divided by 2554.
2505
